1
Let b(m) = -2*m**3 - 4*m**2 - 3*m - 3. Calculate b(-3).
24
Let k(a) = -2*a - 25. Determine k(-15).
5
Let c(f) = -46*f + 219. Calculate c(5).
-11
Let i(b) = b**2 - 3*b + 1. Give i(4).
5
Let l(q) = -q**3 - 6*q**2 + 4*q + 6. Calculate l(-6).
-18
Let t(v) = -v**3 + 6*v**2 - 6*v - 3. Calculate t(3).
6
Let b(s) = -8*s - 403. Determine b(-51).
5
Let u(y) = -3*y**2 + 3*y - 3. Calculate u(4).
-39
Let j(b) = -20*b - 5. Give j(0).
-5
Let c(z) = -z**3 - 15*z**2 + z - 22. What is c(-15)?
-37
Let y(r) = r**3 - 7*r**2 + 4*r + 5. Determine y(6).
-7
Let a(j) = -2*j**2 - 47*j - 246. Determine a(-16).
-6
Let p(y) = -13*y - 1. Calculate p(-2).
25
Let t(j) = j**2 - j - 36. Calculate t(-6).
6
Let d(g) = 2*g**2 - 14*g - 184. Give d(-7).
12
Let z(l) = l**3 + 6*l**2 - 38*l + 18. Calculate z(-10).
-2
Let d(g) = g**3 + 13*g**2 - g - 22. Give d(-13).
-9
Let p(h) = h**3 + 4*h**2 + h + 9. Calculate p(0).
9
Let x(f) = f**2 - 10*f - 1. Calculate x(10).
-1
Let a(p) = -90*p - 19. Calculate a(-3).
251
Let y(z) = 7*z + 10. Determine y(-3).
-11
Let s(r) = -6*r. Determine s(-1).
6
Let a(r) = -2*r - 7. What is a(-5)?
3
Let p(s) = 3*s - 53. What is p(17)?
-2
Let h(g) = -g**2 - 9*g - 12. What is h(-7)?
2
Let c(d) = -4*d**2 + 3*d + 2. Give c(-5).
-113
Let j(n) = -9*n - 20. Calculate j(-3).
7
Let m(u) = -u**3 + 11*u**2 + 2*u - 23. Determine m(11).
-1
Let p(y) = -3*y**2 + 6*y + 1. Determine p(3).
-8
Let u(n) = -n**3 - 5*n**2 - 3*n + 4. Calculate u(-4).
0
Let s(l) = -5*l**3 + 7*l**2 - l - 2. Give s(2).
-16
Let d(z) = z**2 + 7*z + 2. Give d(-7).
2
Let r(l) = l + 12. Calculate r(5).
17
Let b(m) = m**3 - 29*m**2 - 3*m + 70. Give b(29).
-17
Let w(u) = u**3 - 12*u**2 + 10*u + 6. Give w(11).
-5
Let w(q) = q + 8. Determine w(8).
16
Let a(z) = -2*z**3 + 16*z**2 + z - 16. Give a(8).
-8
Let w(i) = i**2 - i + 6. Determine w(0).
6
Let s(b) = 14*b + 63. Determine s(-4).
7
Let b(m) = 8*m. Determine b(3).
24
Let d(b) = -b**3 + 7*b**2 + 7*b - 1. Give d(8).
-9
Let h(t) = -t**3 - 12*t**2 - 7*t - 18. Calculate h(-12).
66
Let q(x) = 7*x + 5. Determine q(-1).
-2
Let u(p) = -123*p - 604. What is u(-5)?
11
Let w(d) = 8*d - 61. Give w(9).
11
Let i(l) = l**3 - 3*l**2 + 2*l + 3. Give i(4).
27
Let u(i) = -5*i**2 - 112*i - 44. Give u(-22).
0
Let h(g) = g**2 + 4*g + 4. Calculate h(-6).
16
Let q(f) = 30*f + 1. What is q(-2)?
-59
Let c(i) = 4*i**2 - 23*i - 25. Determine c(7).
10
Let i(p) = -4*p + 10. What is i(5)?
-10
Let g(d) = -8*d**2 - 10*d + 5. Give g(-5).
-145
Let h(j) = -19*j - 32. Give h(-4).
44
Let f(q) = -q**2 + 10*q - 10. Give f(10).
-10
Let x(s) = s**3 - 5*s**2 - 5*s - 4. Give x(6).
2
Let f(c) = -c. Give f(-16).
16
Let c(g) = -9*g**2 - g - 2. Calculate c(-1).
-10
Let m(o) = 92*o**3 + 2*o**2 + 2*o. Calculate m(-1).
-92
Let y(j) = j**2 + 14*j - 15. Calculate y(-13).
-28
Let t(r) = 24*r - 1. Determine t(1).
23
Let c(l) = l**3 - 6*l**2 + 4*l - 2. What is c(6)?
22
Let t(c) = c**2 + c - 25. Calculate t(-6).
5
Let t(d) = -6*d - 30. What is t(-5)?
0
Let q(o) = -5*o + 9. Calculate q(6).
-21
Let f(x) = x**2 - 4*x - 6. What is f(3)?
-9
Let q(v) = -4*v + 20. Calculate q(-10).
60
Let s(a) = -a + 10. Calculate s(7).
3
Let j(m) = -66*m + 453. What is j(7)?
-9
Let j(t) = -t**3 + 2*t**2 + 8*t - 5. Give j(0).
-5
Let p(l) = -l**3 + 14*l**2 - 9*l - 44. Calculate p(13).
8
Let p(w) = w**3 - 2*w**2 + 4*w - 2. What is p(2)?
6
Let j(n) = -58*n - 341. Determine j(-6).
7
Let c(a) = a**3 - 6*a**2 - 7*a + 6. Give c(7).
6
Let q(t) = t**3 - 11*t**2 + 7*t + 17. What is q(10)?
-13
Let z(t) = t**3 - 9*t**2 + 11*t + 16. Determine z(6).
-26
Let t(j) = 13*j**2 + 103*j + 5. Calculate t(-8).
13
Let w(m) = m**3 - 15*m**2 + 17*m + 46. Give w(14).
88
Let u(i) = -19*i - 66. What is u(-4)?
10
Let o(i) = i**3 - 26*i**2 - 53*i - 90. What is o(28)?
-6
Let i(p) = 6*p**2 - p. What is i(-1)?
7
Let a(g) = -2*g**2 + 12*g + 9. Calculate a(5).
19
Let x(f) = 2*f**2 + 8*f - 5. Give x(-5).
5
Let m(s) = 43*s**2 - 4*s - 2. Determine m(-1).
45
Let p(g) = g + 10. What is p(-5)?
5
Let k(w) = -22*w + 126. Give k(6).
-6
Let y(u) = 5*u - 17. Give y(5).
8
Let d(t) = t**3 - 9*t - 4. Give d(-3).
-4
Let b(w) = -w**3 - w + 22. Calculate b(0).
22
Let l(f) = -f**2 - 11*f - 8. Determine l(-9).
10
Let j(k) = 6*k + 79. Give j(-7).
37
Let a(r) = r**3 + 6*r**2 - 10*r - 4. Determine a(-7).
17
Let p(z) = z**2 - 11*z + 9. Give p(8).
-15
Let j(c) = -4*c**2 + c - 3. Determine j(-3).
-42
Let j(s) = 6*s + 10. What is j(-11)?
-56
Let v(h) = -15*h**2 + h - 1. Calculate v(1).
-15
Let d(h) = 2*h**3 - 18*h**2 + 16*h - 8. Give d(8).
-8
Let q(s) = -s**3 - 5*s**2 + 15*s + 59. Determine q(-3).
-4
Let w(c) = -c - 1. What is w(-13)?
12
Let x(l) = -2*l. What is x(2)?
-4
Let t(u) = u**3 + 5*u**2 - u - 3. Determine t(-4).
17
Let u(a) = -a**3 - 31*a**2 - 27*a + 42. Give u(-30).
-48
Let u(h) = -h + 29. What is u(10)?
19
Let r(i) = i**3 + 31*i**2 + 62*i + 108. Give r(-29).
-8
Let g(s) = 44*s + 1177. Calculate g(-27).
-11
Let q(m) = m**2 + 32*m + 1. Give q(0).
1
Let s(z) = z**3 + 14*z**2 + 10*z + 11. Calculate s(-13).
50
Let i(c) = c**2 - 37*c - 164. Determine i(41).
0
Let s(l) = 33*l + 13. Determine s(-2).
-53
Let x(n) = 5*n + 157. Calculate x(-29).
12
Let p(h) = h**2 + 11*h + 10. Give p(-10).
0
Let r(m) = -m - 2. What is r(-5)?
3
Let n(o) = o**2 + 2*o - 23. What is n(-7)?
12
Let t(j) = j**3 - 3*j**2 - 2*j - 8. What is t(4)?
0
Let x(j) = j**2 + 7*j + 5. What is x(-6)?
-1
Let g(y) = -y**3 - 17*y**2 - 6. Determine g(-17).
-6
Let z(q) = 3*q**3 + 4*q**2 - 3*q - 16. Give z(-3).
-52
Let u(f) = f**3 + 9*f**2 + f + 3. What is u(-9)?
-6
Let l(o) = -o**2 - 6*o - 8. What is l(-3)?
1
Let l(w) = -2*w**3 + 10*w**2 + 4*w - 2. What is l(5)?
18
Let i(f) = -f**3 - f**2 - f - 2. What is i(-3)?
19
Let v(y) = -y**2 + 14*y + 19. Calculate v(15).
4
Let z(p) = -p**2 + 20*p + 427. What is z(-13)?
-2
Let s(d) = -2*d**2 - 12*d - 8. Calculate s(-7).
-22
Let o(k) = 30*k + 20. Determine o(-4).
-100
Let b(a) = -a + 13. Give b(6).
7
Let d(i) = 27*i**2 - i - 1. Give d(-1).
27
Let r(m) = -m**2 + 5*m + 6. Calculate r(5).
6
Let f(i) = i - 19. Give f(0).
-19
Let u(y) = -y**3 - 20*y**2 + 18*y - 49. Calculate u(-21).
14
Let p(l) = l**3 - 5*l**2 - 8*l + 9. Give p(6).
-3
Let z(g) = g - 6. Give z(12).
6
Let x(m) = 11*m - 39. What is x(0)?
-39
Let m(c) = -3*c - 16. Determine m(-9).
11
Let m(z) = z**3 + 2*z**2 + 3*z + 4. Give m(-2).
-2
Let i(p) = -13*p**2 + 26*p + 3. Give i(2).
3
Let a(n) = 15*n + 218. Give a(-14).
8
Let p(j) = -2*j**3 + 19*j**2 - 6*j - 18. Calculate p(9).
9
Let u(o) = -2*o**2 + o + 18. Calculate u(-8).
-118
Let a(v) = -10*v**3 + 2*v**2 + 5*v - 6. What is a(1)?
-9
Let j(n) = n**2 + 20*n + 23. What is j(-18)?
-13
Let w(c) = c**3 - 10*c**2 + 16*c - 6. What is w(6)?
-54
Let p(j) = 26*j**2 + j. Determine p(-1).
25
Let q(o) = 25*o - 467. Calculate q(19).
8
Let t(l) = 2*l - 9. What is t(4)?
-1
Let p(s) = 3*s + 42. What is p(-9)?
15
Let j(k) = 2*k**3 + 26*k**2 + 46*k + 7. What is j(-11)?
-15
Let r(j) = -9*j - 5. Give r(-1).
4
Let g(d) = -2*d**2 - 21*d + 25. Give g(-11).
14
Let c(p) = -3*p**3 - p**2 + 2*p - 2. What is c(2)?
-26
Let n(o) = o**3 - 4*o**2 - o - 3. Calculate n(4).
-7
Let a(z) = -21*z - 39. Give a(-2).
3
Let f(y) = -y**3 - 4*y**2 + 10*y + 15. Give f(-5).
-10
Let r(l) = -115*l**3 - l**2 - 2*l - 2. Determine r(-1).
114
Let t(v) = -v**2 + 6*v + 9. Give t(6).
9
Let f(t) = -t - 5. Calculate f(10).
-15
Let k(z) = -z - 3. Determine k(5).
-8
Let v(j) = j**3 - 3*j**2 - 8*j + 5. Determine v(5).
15
Let g(s) = s**3 - 8*s**2 - s - 8. Give g(8).
-16
Let c(m) = -m**2 - 33*m - 30. Give c(-32).
2
Let k(l) = l**3 - 4*l**2 - 3*l - 7. Calculate k(5).
3
Let w(q) = q**3 - 8*q**2 - 7*q - 18. Determine w(9).
0
Let g(s) = s**3 - 3*s**2 - 2*s - 19. What is g(4)?
-11
Let x(u) = 10*u**3 + 2*u**2 - 2*u + 2. Determine x(1).
12
Let w(y) = -2*y - 10. Give w(-5).
0
Let w(h) = h**2 - 8*h - 40. Calculate w(11).
-7
Let n(w) = 9*w**3 - 2*w**2 + w. Calculate n(1).
8
Let n(x) = -3*x - 16. What is n(-9)?
11
Let c(n) = -7*n - 249. Give c(-34).
-11
Let i(w) = w**2 + 5*w - 13. Give i(-8).
11
Let n(g) = -g**3 - 11*g**2 - 2*g + 5. What is n(-11)?
27
Let x(q) = 28*q**2 + 76*q - 1. Determine x(-3).
23
Let r(o) = o**2 + 4*o - 25. Give r(-5).
-20
Let n(u) = -5*u**2 + 3*u - 3. What is n(1)?
-5
Let d(y) = -4*y - 12. What is d(-6)?
12
Let j(n) = 2*n**2 - 4*n + 7. Calculate